ber?
False
Is 3601337 a prime number?
True
Is 17014663 a prime number?
True
Is 398903 a prime number?
True
Is 4332259 a prime number?
True
Is 434438227 composite?
False
Is 5665883 prime?
True
Is 943728269 a prime number?
False
Is 834569 prime?
True
Is 1371541 a prime number?
True
Is 32743049 composite?
False
Is 12617389 a composite number?
True
Is 15472451 a composite number?
True
Is 65479417 a prime number?
False
Is 152664415 composite?
True
Is 5609239 composite?
True
Is 45704561 prime?
False
Is 285770141 composite?
False
Is 4451341 prime?
True
Is 60382771 composite?
False
Is 10571313 prime?
False
Is 35564539 a composite number?
True
Is 29159638 a composite number?
True
Is 11945287 composite?
True
Is 3415679 composite?
False
Is 60841169 a composite number?
True
Is 484620881 a prime number?
False
Is 47732249 composite?
False
Is 99676859 composite?
False
Is 24676667 prime?
False
Is 2570207 prime?
True
Is 3505793 prime?
True
Is 146196751 a prime number?
False
Is 317218103 a prime number?
True
Is 45191947 prime?
False
Is 15750089 a prime number?
True
Is 162158119 composite?
True
Is 11160053 prime?
False
Is 562539 a prime number?
False
Is 3192319 prime?
False
Is 463160977 a prime number?
True
Is 214096049 a composite number?
True
Is 456524203 a composite number?
True
Is 16785347 prime?
True
Is 2908081 composite?
True
Is 35115221 composite?
False
Is 41525291 prime?
True
Is 33047149 prime?
True
Is 2610194 a prime number?
False
Is 85589839 composite?
False
Is 24168569 prime?
False
Is 218635757 a prime number?
True
Is 17427779 a composite number?
False
Is 70351 a prime number?
True
Is 186871287 a composite number?
True
Is 67231487 prime?
False
Is 86521217 composite?
True
Is 275419 a prime number?
True
Is 1370339 a prime number?
False
Is 2230301 prime?
True
Is 4030319 composite?
False
Is 1467437 a composite number?
True
Is 305898373 prime?
False
Is 1145531899 composite?
False
Is 1781899 prime?
False
Is 109378903 composite?
False
Is 50696411 composite?
False
Is 231871 a composite number?
False
Is 658254757 a prime number?
True
Is 12945077 a composite number?
False
Is 10099729 a composite number?
False
Is 28533469 a composite number?
False
Is 78935965 a composite number?
True
Is 9520801 a composite number?
True
Is 1178071 prime?
False
Is 10173617 a prime number?
False
Is 118715959 prime?
True
Is 23573857 composite?
True
Is 12672805 a prime number?
False
Is 137201 composite?
False
Is 328009 composite?
True
Is 4260793 prime?
True
Is 166721726 a prime number?
False
Is 3960557 composite?
False
Is 873249046 a prime number?
False
Is 3857489 prime?
True
Is 972271 a composite number?
False
Is 5906731 a composite number?
False
Is 378619 composite?
False
Is 4371667 composite?
True
Is 987971 a prime number?
True
Is 76829143 a prime number?
True
Is 3281627 composite?
False
Is 32779969 a prime number?
False
Is 28949 a prime number?
True
Is 19334303 prime?
True
Is 4282549 prime?
True
Is 67089842 a prime number?
False
Is 1334471 a prime number?
False
Is 204398555 composite?
True
Is 134327 a composite number?
False
Is 2610161 prime?
True
Is 580316549 composite?
False
Is 27027083 a prime number?
False
Is 5343841 a composite number?
False
Is 21275089 composite?
True
Is 21905947 composite?
True
Is 24586949 a composite number?
False
Is 123848747 prime?
False
Is 4391638 prime?
False
Is 3501961 prime?
True
Is 270261707 prime?
False
Is 4958011 a prime number?
True
Is 4102793 prime?
True
Is 364060766 prime?
False
Is 26253113 composite?
False
Is 62659173 a prime number?
False
Is 305152099 prime?
False
Is 298601 a prime number?
True
Is 7244117 composite?
False
Is 273322421 a prime number?
True
Is 10226065 composite?
True
Is 26558627 prime?
True
Is 97186913 prime?
False
Is 15595477 a composite number?
True
Is 6035529 prime?
False
Is 626363 prime?
True
Is 27630907 composite?
True
Is 4792709 prime?
False
Is 46492723 a composite number?
False
Is 204655201 a prime number?
True
Is 1657 a prime number?
True
Is 29928251 composite?
False
Is 574473917 a composite number?
False
Is 19332007 a composite number?
False
Is 91524109 a composite number?
False
Is 2116019 a prime number?
True
Is 6914641 a composite number?
False
Is 419953 composite?
False
Is 3397757 a prime number?
False
Is 23631297 a prime number?
False
Is 12816389 a composite number?
False
Is 117806747 a composite number?
False
Is 9323263 composite?
False
Is 2941007 prime?
True
Is 198855829 composite?
True
Is 888363257 composite?
True
Is 2442437 a composite number?
False
Is 1351021 a composite number?
True
Is 26489891 composite?
True
Is 30296633 composite?
True
Is 227680859 prime?
False
Is 29092051 prime?
True
Is 205373029 composite?
True
Is 3987611 a prime number?
False
Is 29704223 prime?
True
Is 6842417 a prime number?
True
Is 1240761 a composite number?
True
Is 43879141 a prime number?
False
Is 4097917 composite?
False
Is 1383382859 prime?
True
Is 1261213 composite?
True
Is 777637 composite?
True
Is 35479139 composite?
True
Is 33503161 prime?
True
Is 12530519 a prime number?
False
Is 10664659 composite?
False
Is 18375151 a prime number?
True
Is 3424379 composite?
True
Is 5431219 prime?
True
Is 96513253 a prime number?
True
Is 78652997 prime?
True
Is 3584891 composite?
True
Is 1331701 a prime number?
False
Is 1603009 prime?
True
Is 89102501 composite?
False
Is 672775669 composite?
True
Is 10627671 a composite number?
True
Is 1297957 a composite number?
True
Is 16491877 prime?
False
Is 2250686 prime?
False
Is 767058731 composite?
False
Is 89479937 a prime number?
False
Is 8849933 prime?
False
Is 27697679 composite?
False
Is 95175847 composite?
True
Is 237227 a composite number?
True
Is 39952651 a composite number?
True
Is 57206741 composite?
False
Is 34530523 prime?
True
Is 3888317 a prime number?
False
Is 113615617 a prime number?
True
Is 28067407 a prime number?
True
Is 33878731 prime?
True
Is 59253329 composite?
True
Is 9820427 prime?
True
Is 2839111 prime?
False
Is 7567591 prime?
True
Is 11395027 a composite number?
True
Is 356822399 a composite number?
False
Is 5745197 a prime number?
True
Is 31112651 prime?
True
Is 376391737 a composite number?
True
Is 111099311 a prime number?
True
Is 159545779 composite?
True
Is 2242363 a composite number?
False
Is 7952099 a composite number?
False
Is 41037121 a prime number?
True
Is 45071399 a composite number?
False
Is 78580619 a composite number?
True
Is 2041591 a prime number?
False
Is 36416411 composite?
False
Is 9954583 composite?
False
Is 66229607 a composite number?
False
Is 28406117 a prime number?
True
Is 200532993 composite?
True
Is 294105503 composite?
True
Is 30627371 composite?
False
Is 9628061 a composite number?
False
Is 115721401 composite?
False
Is 25166261 prime?
False
Is 50544379 prime?
False
Is 19706899 composite?
False
Is 39145385 composite?
True
Is 8335153 composite?
False
Is 14950411 composite?
True
Is 1986989 composite?
False
Is 175650869 a composite number?
True
Is 56246237 a prime number?
True
Is 2523071 composite?
False
Is 14228341 a prime number?
False
Is 3867431 composite?
True
Is 68470261 a composite number?
True
Is 835661 prime?
True
Is 2044351 composite?
False
Is 23428883 composite?
False
Is 64263811 a prime number?
True
Is 29912653 prime?
False
Is 7646719 a composite number?
True
Is 4466569 composite?
False
Is 8764079 composite?
True
Is 10952121 a prime number?
False
Is 86954611 a prime number?
False
Is 6427345 prime?
False
Is 25016547 composite?
True
Is 5223643 a composite number?
False
Is 722362133 composite?
False
Is 6557963 composite?
False
Is 1430761 a composite number?
True
Is 4169017 a composite number?
True
Is 275090701 prime?
True
Is 693121447 composite?
False
Is 2953997 a composite number?
True
Is 279419817 a prime number?
False
Is 108776639 a composite number?
False
Is 6077713 a composite number?
False
Is 44312111 prime?
True
Is 38209406 prime?
False
Is 26482879 a composite number?
True
Is 223827 prime?
False
Is 694655603 a prime number?
False
Is 593933 a composite number?
False
Is 245847671 prime?
True
Is 2137259 a composite number?
False
Is 14194991 a prime number?
False
Is 137143 prime?
True
Is 404362589 prime?
False
Is 13554663 a composite number?
True
Is 68529739 composite?
True
Is 274728431 prime?
True
Is 3833257 prime?
True
Is 57853